f 2720 and 116620?
340
Calculate the greatest common divisor of 67249 and 3276.
91
Calculate the highest common divisor of 24921 and 4160.
13
What is the highest common divisor of 115 and 99107?
23
What is the highest common divisor of 28 and 5593084?
28
Calculate the highest common factor of 900 and 2925.
225
Calculate the greatest common divisor of 175376 and 1130.
226
What is the highest common factor of 473 and 58278?
11
Calculate the greatest common divisor of 1725 and 2169475.
575
What is the greatest common factor of 24158 and 15934?
514
Calculate the greatest common factor of 91608 and 188.
4
What is the highest common factor of 48070 and 3762?
418
Calculate the highest common factor of 2054264 and 328.
328
What is the highest common factor of 176 and 89716?
44
What is the highest common factor of 4 and 68132?
4
What is the greatest common divisor of 20 and 106670?
10
What is the highest common factor of 107874 and 12?
6
What is the greatest common divisor of 16560 and 11295?
45
Calculate the highest common factor of 63 and 1669563.
63
Calculate the greatest common factor of 199 and 96913.
199
What is the greatest common divisor of 24 and 78732?
12
Calculate the highest common factor of 199105 and 5.
5
What is the highest common divisor of 7979 and 2929?
101
What is the greatest common divisor of 372660 and 20?
20
What is the highest common divisor of 63539 and 14711?
313
Calculate the highest common divisor of 247302 and 220.
22
What is the greatest common factor of 60093 and 396?
99
What is the highest common divisor of 4053 and 2123?
193
Calculate the highest common divisor of 14602 and 64484.
98
Calculate the highest common divisor of 1566 and 116464.
58
Calculate the highest common factor of 300 and 8868.
12
What is the highest common factor of 1696 and 5536?
32
Calculate the greatest common factor of 1424452 and 8.
4
Calculate the highest common divisor of 92 and 118772.
92
Calculate the greatest common divisor of 112 and 6069.
7
What is the greatest common factor of 2676 and 348?
12
Calculate the highest common factor of 8517 and 357.
51
Calculate the greatest common factor of 675 and 11691.
27
Calculate the greatest common factor of 2328278 and 86.
86
Calculate the greatest common factor of 42 and 388794.
42
What is the highest common divisor of 2260025 and 25?
25
Calculate the greatest common factor of 210 and 290094.
42
Calculate the highest common factor of 480 and 575670.
30
Calculate the greatest common factor of 2873 and 79118.
221
What is the greatest common factor of 10192 and 82173?
637
What is the highest common factor of 1313 and 4189783?
1313
Calculate the greatest common divisor of 406287 and 819.
63
Calculate the highest common divisor of 268873 and 33.
11
Calculate the greatest common divisor of 239036 and 364.
28
Calculate the highest common factor of 183 and 5295.
3
What is the highest common factor of 221 and 137972?
17
Calculate the greatest common factor of 1462 and 1513.
17
What is the greatest common divisor of 8058 and 1326?
102
Calculate the greatest common factor of 9223 and 69.
23
Calculate the greatest common divisor of 6138 and 990.
198
Calculate the greatest common factor of 144 and 42688.
16
What is the greatest common factor of 21867 and 57327?
591
Calculate the highest common factor of 26 and 107029.
13
Calculate the greatest common factor of 358823 and 46.
23
Calculate the highest common factor of 8608 and 32.
32
Calculate the greatest common factor of 12 and 207524.
4
Calculate the highest common factor of 10994 and 7774.
46
Calculate the greatest common factor of 461780 and 180.
20
Calculate the greatest common factor of 2511 and 108159.
93
Calculate the highest common factor of 70 and 1120609.
7
Calculate the greatest common factor of 9 and 4090617.
9
What is the greatest common divisor of 477 and 9189?
9
Calculate the greatest common divisor of 172311 and 342.
57
Calculate the greatest common factor of 80751 and 165.
33
Calculate the highest common factor of 1351 and 287.
7
What is the greatest common divisor of 16 and 627184?
16
What is the highest common divisor of 100 and 50740?
20
Calculate the highest common factor of 5490 and 10170.
90
What is the highest common divisor of 70041 and 555?
111
What is the highest common divisor of 1 and 48369?
1
Calculate the greatest common factor of 570 and 1236710.
190
What is the highest common factor of 7 and 60389?
7
What is the greatest common factor of 270756 and 3312?
828
What is the greatest common divisor of 15204 and 24?
12
Calculate the highest common divisor of 114 and 119282.
38
Calculate the greatest common factor of 4 and 240596.
4
Calculate the greatest common factor of 832 and 10504.
104
What is the highest common factor of 374 and 7126570?
374
Calculate the greatest common factor of 132493 and 1269.
47
What is the highest common factor of 21394 and 221822?
1126
What is the greatest common factor of 57735 and 18?
9
Calculate the greatest common factor of 47536 and 112.
16
What is the highest common divisor of 527 and 8891?
17
What is the highest common factor of 1384 and 2450372?
692
Calculate the highest common factor of 57085 and 665.
35
What is the greatest common factor of 133 and 707?
7
What is the highest common divisor of 1068 and 46464?
12
Calculate the greatest common divisor of 4353 and 87.
3
Calculate the highest common factor of 138744 and 10716.
564
Calculate the greatest common factor of 2968 and 83846.
742
What is the greatest common divisor of 82712 and 56?
56
Calculate the highest common divisor of 97860 and 480.
60
What is the highest common divisor of 15 and 402160?
5
What is the highest common divisor of 1261878 and 774?
258
Calculate the greatest common factor of 125459 and 109.
109
Calculate the greatest common divisor of 3087 and 187621.
343
Calculate the greatest common divisor of 12 and 48668028.
12
What is the highest common divisor of 96 and 3088?
16
What is the highest common divisor of 75046 and 31714?
314
What is the highest common factor of 184 and 1184?
8
What is the highest common factor of 42021 and 12673?
667
What is the greatest common factor of 13 and 808223?
13
Calculate the greatest common factor of 48 and 13584.
48
What is the highest common factor of 8 and 2666120?
8
What is the highest common divisor of 344 and 118508?
172
Calculate the greatest common factor of 422 and 687227.
211
Calculate the highest common factor of 10080 and 315.
315
What is the greatest common factor of 3038 and 2142?
14
What is the greatest common factor of 61808 and 16?
16
What is the greatest common factor of 821876 and 44?
44
Calculate the greatest common divisor of 992394 and 585.
117
Calculate the greatest common factor of 4176 and 3045.
87
Calculate the greatest common divisor of 4725 and 2925.
225
What is the greatest common divisor of 288488 and 8?
8
Calculate the greatest common divisor of 4572 and 26952.
12
Calculate the highest common divisor of 4140 and 628820.
460
What is the highest common divisor of 210493 and 222?
37
What is the greatest common divisor of 66 and 50259?
33
What is the highest common factor of 79720 and 1440?
40
Calculate the greatest common factor of 3752 and 44488.
536
What is the greatest common divisor of 2057941 and 668?
167
Calculate the greatest common divisor of 5634 and 55206.
18
Calculate the greatest common divisor of 19327 and 9625.
77
Calculate the highest common divisor of 5969 and 2286.
127
What is the greatest common divisor of 553 and 256592?
553
Calculate the greatest common divisor of 4393305 and 378.
189
Calculate the greatest common factor of 81560 and 7000.
40
What is the highest common divisor of 333 and 28674?
9
What is the greatest common factor of 2323365 and 11?
11
Calculate the highest common factor of 225112 and 456.
152
What is the greatest common factor of 1311 and 619137?
69
Calculate the greatest common factor of 24 and 60.
12
Calculate the greatest common divisor of 100 and 2496.
4
What is the highest common factor of 2289189 and 201?
201
Calculate the greatest common divisor of 128 and 95.
1
What is the greatest common divisor of 12 and 13686?
6
Calculate the greatest common divisor of 1801200 and 100.
100
Calculate the highest common factor of 33909 